{"id":109,"date":"2018-12-04T06:00:49","date_gmt":"2018-12-04T05:00:49","guid":{"rendered":"http:\/\/kliford.org.pl\/index.php\/project\/"},"modified":"2025-11-03T14:32:11","modified_gmt":"2025-11-03T13:32:11","slug":"project","status":"publish","type":"page","link":"https:\/\/kliford.org.pl\/index.php\/project\/","title":{"rendered":"Project"},"content":{"rendered":"\t\t<div data-elementor-type=\"wp-post\" data-elementor-id=\"109\" class=\"elementor elementor-109\">\n\t\t\t\t<div class=\"aux-parallax-section elementor-element elementor-element-6984dde e-flex e-con-boxed e-con e-parent\" data-id=\"6984dde\" data-element_type=\"container\">\n\t\t\t\t\t<div class=\"e-con-inner\">\n\t\t<div class=\"elementor-element elementor-element-6ce909a e-con-full e-flex e-con e-child\" data-id=\"6ce909a\" data-element_type=\"container\">\n\t\t\t\t<div class=\"elementor-element elementor-element-6bdcc73 aux-appear-watch-animation aux-fade-in-up elementor-widget elementor-widget-aux_modern_heading\" data-id=\"6bdcc73\" data-element_type=\"widget\" data-widget_type=\"aux_modern_heading.default\">\n\t\t\t\t<div class=\"elementor-widget-container\">\n\t\t\t\t\t<section class=\"aux-widget-modern-heading\">\n            <div class=\"aux-widget-inner\"><h2 class=\"aux-modern-heading-primary\">Nasze <b>Projekty<\/b><\/h2><div class=\"aux-modern-heading-divider\"><\/div><\/div>\n        <\/section>\t\t\t\t<\/div>\n\t\t\t\t<\/div>\n\t\t\t\t<\/div>\n\t\t\t\t\t<\/div>\n\t\t\t\t<\/div>\n\t\t<div class=\"aux-parallax-section elementor-element elementor-element-f7f4a93 e-grid e-con-boxed e-con e-parent\" data-id=\"f7f4a93\" data-element_type=\"container\">\n\t\t\t\t\t<div class=\"e-con-inner\">\n\t\t\t\t<div class=\"elementor-element elementor-element-06c5947 elementor-widget elementor-widget-image\" data-id=\"06c5947\" data-element_type=\"widget\" data-widget_type=\"image.default\">\n\t\t\t\t<div class=\"elementor-widget-container\">\n\t\t\t\t\t\t\t\t\t\t\t\t\t\t\t<img decoding=\"async\" width=\"150\" height=\"150\" src=\"https:\/\/kliford.org.pl\/wp-content\/uploads\/2025\/10\/3.png\" class=\"attachment-full size-full wp-image-147\" alt=\"\" \/>\t\t\t\t\t\t\t\t\t\t\t\t\t\t\t<\/div>\n\t\t\t\t<\/div>\n\t\t\t\t<div class=\"elementor-element elementor-element-57acc6a elementor-widget elementor-widget-text-editor\" data-id=\"57acc6a\" data-element_type=\"widget\" data-widget_type=\"text-editor.default\">\n\t\t\t\t<div class=\"elementor-widget-container\">\n\t\t\t\t\t\t\t\t\t<p><strong>Spacer \u015aladami Kliforda<\/strong><\/p>\n<p data-start=\"210\" data-end=\"557\">to wyj\u0105tkowe wydarzenie plenerowe organizowane przez <strong data-start=\"293\" data-end=\"332\">Stowarzyszenie Kliford w Grudzi\u0105dzu<\/strong>, \u0142\u0105cz\u0105ce mi\u0142o\u015b\u0107 do zwierz\u0105t, ruch na \u015bwie\u017cym powietrzu oraz edukacj\u0119. Celem inicjatywy jest integracja w\u0142a\u015bcicieli ps\u00f3w i ich czworono\u017cnych przyjaci\u00f3\u0142, a tak\u017ce promowanie odpowiedzialnej i \u015bwiadomej opieki nad zwierz\u0119tami.<\/p>\n<p data-start=\"559\" data-end=\"1021\">Podczas spaceru uczestnicy wyruszaj\u0105 wsp\u00f3lnie na tras\u0119 o r\u00f3\u017cnych d\u0142ugo\u015bciach, dostosowan\u0105 do mo\u017cliwo\u015bci zar\u00f3wno ludzi, jak i ps\u00f3w. Na uczestnik\u00f3w czekaj\u0105 liczne atrakcje \u2014 od interaktywnych punkt\u00f3w edukacyjnych z kodami QR po spotkania z ekspertami: weterynarzami, behawiorystami czy groomerami. W specjalnie przygotowanym miasteczku wydarzenia mo\u017cna uzyska\u0107 fachowe porady, porozmawia\u0107 o zdrowiu i wychowaniu pupila, a tak\u017ce pozna\u0107 innych mi\u0142o\u015bnik\u00f3w zwierz\u0105t.<\/p>\n<p data-start=\"1023\" data-end=\"1335\">\u201eSpacer \u015aladami Kliforda\u201d to nie tylko rekreacja, ale r\u00f3wnie\u017c okazja do budowania spo\u0142eczno\u015bci lokalnej, wsp\u00f3lnego sp\u0119dzenia czasu i nauki poprzez zabaw\u0119. Wydarzenie ma charakter otwarty i bezp\u0142atny, a jego przyjazna formu\u0142a sprawia, \u017ce ka\u017cdy \u2014 niezale\u017cnie od wieku czy do\u015bwiadczenia \u2014 mo\u017ce wzi\u0105\u0107 w nim udzia\u0142.<\/p>\t\t\t\t\t\t\t\t<\/div>\n\t\t\t\t<\/div>\n\t\t\t\t\t<\/div>\n\t\t\t\t<\/div>\n\t\t<div class=\"aux-parallax-section elementor-element elementor-element-5e8ec43 e-grid e-con-boxed e-con e-parent\" data-id=\"5e8ec43\" data-element_type=\"container\">\n\t\t\t\t\t<div class=\"e-con-inner\">\n\t\t\t\t<div class=\"elementor-element elementor-element-1bf8559 elementor-widget elementor-widget-text-editor\" data-id=\"1bf8559\" data-element_type=\"widget\" data-widget_type=\"text-editor.default\">\n\t\t\t\t<div class=\"elementor-widget-container\">\n\t\t\t\t\t\t\t\t\t<p data-start=\"207\" data-end=\"594\"><strong data-start=\"207\" data-end=\"224\">Kurs na psa- Akademia \u015awiadomego Opiekuna<\/strong> to spo\u0142eczny projekt realizowany przez Stowarzyszenie Kliford, kt\u00f3rego celem jest edukacja w\u0142a\u015bcicieli ps\u00f3w oraz promowanie odpowiedzialnej, \u015bwiadomej i pozytywnej relacji mi\u0119dzy cz\u0142owiekiem a zwierz\u0119ciem. Inicjatywa powsta\u0142a z my\u015bl\u0105 o mieszka\u0144cach miasta i ich czworono\u017cnych towarzyszach, by wsp\u00f3lnie uczy\u0107 si\u0119, jak budowa\u0107 wi\u0119\u017a opart\u0105 na zaufaniu, komunikacji i wzajemnym szacunku.<\/p>\n<p data-start=\"596\" data-end=\"1037\">W ramach projektu uczestnicy bior\u0105 udzia\u0142 w praktycznych zaj\u0119ciach prowadzonych przez do\u015bwiadczonych trener\u00f3w i behawioryst\u00f3w. Program obejmuje nauk\u0119 podstawowych komend, pracy z psem w r\u00f3\u017cnych sytuacjach, zasad prawid\u0142owej socjalizacji oraz sposob\u00f3w reagowania na trudne zachowania. Opr\u00f3cz treningu praktycznego kurs k\u0142adzie nacisk na edukacj\u0119 opiekun\u00f3w \u2013 poruszane s\u0105 tematy dotycz\u0105ce \u017cywienia, zdrowia, piel\u0119gnacji oraz dobrostanu ps\u00f3w.<\/p>\n<p data-start=\"1039\" data-end=\"1295\">\u201eKurs na psa\u201d to nie tylko szkolenie, ale r\u00f3wnie\u017c przestrze\u0144 spotka\u0144, wymiany do\u015bwiadcze\u0144 i integracji lokalnej spo\u0142eczno\u015bci mi\u0142o\u015bnik\u00f3w zwierz\u0105t. Projekt wspiera ide\u0119 odpowiedzialnej adopcji, opieki nad zwierz\u0119tami i rozwijania empatii wobec czworonog\u00f3w.<\/p>\n<p data-start=\"1297\" data-end=\"1466\">Wydarzenie realizowane jest przy wsparciu <strong data-start=\"1339\" data-end=\"1365\">Gminy-Miasto Grudzi\u0105dz<\/strong> oraz lokalnych organizacji i fundacji, kt\u00f3rym bliska jest troska o zwierz\u0119ta i edukacja spo\u0142eczna.<\/p>\t\t\t\t\t\t\t\t<\/div>\n\t\t\t\t<\/div>\n\t\t\t\t<div class=\"elementor-element elementor-element-4194534 elementor-widget elementor-widget-image\" data-id=\"4194534\" data-element_type=\"widget\" data-widget_type=\"image.default\">\n\t\t\t\t<div class=\"elementor-widget-container\">\n\t\t\t\t\t\t\t\t\t\t\t\t\t\t\t<img decoding=\"async\" width=\"150\" height=\"150\" src=\"https:\/\/kliford.org.pl\/wp-content\/uploads\/2025\/10\/2.png\" class=\"attachment-large size-large wp-image-146\" alt=\"\" \/>\t\t\t\t\t\t\t\t\t\t\t\t\t\t\t<\/div>\n\t\t\t\t<\/div>\n\t\t\t\t\t<\/div>\n\t\t\t\t<\/div>\n\t\t\t\t<\/div>\n\t\t","protected":false},"excerpt":{"rendered":"<p>Nasze Projekty Spacer \u015aladami Kliforda to wyj\u0105tkowe wydarzenie plenerowe organizowane przez Stowarzyszenie Kliford w Grudzi\u0105dzu, \u0142\u0105cz\u0105ce mi\u0142o\u015b\u0107 do zwierz\u0105t, ruch na \u015bwie\u017cym powietrzu oraz edukacj\u0119. Celem inicjatywy jest integracja w\u0142a\u015bcicieli ps\u00f3w i ich czworono\u017cnych przyjaci\u00f3\u0142, a tak\u017ce promowanie odpowiedzialnej i \u015bwiadomej opieki nad zwierz\u0119tami. Podczas spaceru uczestnicy wyruszaj\u0105 wsp\u00f3lnie na tras\u0119 o r\u00f3\u017cnych d\u0142ugo\u015bciach, dostosowan\u0105 [&hellip;]<\/p>\n","protected":false},"author":1,"featured_media":0,"parent":0,"menu_order":0,"comment_status":"closed","ping_status":"closed","template":"templates\/page-builder-content.php","meta":{"footnotes":""},"class_list":["post-109","page","type-page","status-publish","hentry"],"_links":{"self":[{"href":"https:\/\/kliford.org.pl\/index.php\/wp-json\/wp\/v2\/pages\/109","targetHints":{"allow":["GET"]}}],"collection":[{"href":"https:\/\/kliford.org.pl\/index.php\/wp-json\/wp\/v2\/pages"}],"about":[{"href":"https:\/\/kliford.org.pl\/index.php\/wp-json\/wp\/v2\/types\/page"}],"author":[{"embeddable":true,"href":"https:\/\/kliford.org.pl\/index.php\/wp-json\/wp\/v2\/users\/1"}],"replies":[{"embeddable":true,"href":"https:\/\/kliford.org.pl\/index.php\/wp-json\/wp\/v2\/comments?post=109"}],"version-history":[{"count":3,"href":"https:\/\/kliford.org.pl\/index.php\/wp-json\/wp\/v2\/pages\/109\/revisions"}],"predecessor-version":[{"id":210,"href":"https:\/\/kliford.org.pl\/index.php\/wp-json\/wp\/v2\/pages\/109\/revisions\/210"}],"wp:attachment":[{"href":"https:\/\/kliford.org.pl\/index.php\/wp-json\/wp\/v2\/media?parent=109"}],"curies":[{"name":"wp","href":"https:\/\/api.w.org\/{rel}","templated":true}]}}